336 and 10880?
544
What is the highest common factor of 6 and 13168?
2
Calculate the greatest common divisor of 2312 and 29767.
289
What is the highest common factor of 4050 and 71874?
54
What is the greatest common divisor of 45 and 30660?
15
What is the greatest common factor of 54445 and 85?
5
Calculate the greatest common divisor of 8664 and 843.
3
Calculate the greatest common factor of 9 and 650088.
9
What is the greatest common divisor of 7401 and 24?
3
What is the highest common factor of 1054 and 61880?
34
Calculate the greatest common divisor of 966 and 45839.
23
What is the highest common divisor of 341 and 4169?
11
Calculate the greatest common divisor of 249492 and 476.
68
Calculate the greatest common factor of 32 and 2882.
2
What is the greatest common divisor of 6641 and 1479?
29
What is the highest common factor of 2 and 21722?
2
Calculate the highest common factor of 1248 and 7320.
24
Calculate the greatest common factor of 56 and 298112.
8
Calculate the greatest common divisor of 1258 and 4862.
34
What is the greatest common factor of 600 and 100150?
50
What is the highest common factor of 945 and 16485?
105
Calculate the highest common divisor of 407528 and 22.
22
What is the highest common divisor of 119 and 1366919?
17
Calculate the greatest common divisor of 15431 and 3653.
13
What is the greatest common divisor of 782157 and 1968?
123
What is the greatest common divisor of 30890 and 160?
10
What is the highest common divisor of 473 and 51643?
43
Calculate the greatest common factor of 127927 and 38.
19
What is the greatest common factor of 176 and 33044?
44
What is the highest common factor of 281510 and 70?
10
Calculate the highest common divisor of 101335 and 78.
13
What is the greatest common divisor of 1760475 and 75?
75
What is the highest common divisor of 404954 and 132?
22
What is the highest common divisor of 3234 and 16863?
231
Calculate the highest common factor of 1554 and 254338.
518
What is the greatest common divisor of 120 and 732315?
15
Calculate the greatest common factor of 19248 and 2005.
401
What is the highest common factor of 162 and 275967?
81
Calculate the greatest common divisor of 133722 and 136.
34
Calculate the highest common factor of 50315 and 145.
145
Calculate the greatest common factor of 2366 and 658.
14
What is the highest common divisor of 726 and 4818?
66
What is the highest common factor of 89 and 91759?
89
What is the greatest common factor of 99418 and 55?
11
Calculate the highest common divisor of 606 and 6363303.
303
What is the highest common divisor of 155 and 513701?
31
What is the greatest common divisor of 328750 and 1875?
625
Calculate the greatest common factor of 28402 and 77.
11
Calculate the greatest common divisor of 3890 and 90.
10
Calculate the greatest common divisor of 1432 and 207461.
179
Calculate the highest common factor of 14 and 18872.
14
What is the highest common factor of 259 and 1277647?
259
Calculate the greatest common divisor of 60 and 114828.
12
What is the highest common divisor of 297704 and 440?
88
Calculate the greatest common factor of 19822 and 114851.
583
What is the highest common factor of 71 and 2488763?
71
What is the highest common divisor of 48 and 1094760?
24
What is the highest common divisor of 19250 and 6230?
70
What is the greatest common factor of 54 and 689508?
18
What is the greatest common divisor of 2897275 and 25?
25
Calculate the greatest common factor of 140 and 2266684.
28
Calculate the highest common factor of 60 and 15765.
15
What is the highest common factor of 73568 and 684?
76
What is the greatest common factor of 384740 and 40?
20
What is the highest common factor of 392 and 185171?
49
What is the highest common divisor of 30033 and 10575?
423
What is the greatest common divisor of 1836 and 3132?
108
Calculate the greatest common divisor of 2921 and 400050.
127
What is the greatest common factor of 46 and 110354?
46
What is the greatest common divisor of 65059 and 215?
43
Calculate the highest common divisor of 327353 and 1192.
149
What is the highest common factor of 54740 and 12420?
460
Calculate the highest common factor of 4424 and 448.
56
Calculate the highest common divisor of 293848 and 1150.
46
What is the greatest common divisor of 15972 and 23562?
66
What is the highest common factor of 3108 and 924?
84
What is the highest common factor of 1242 and 3680?
46
What is the highest common divisor of 6 and 3386?
2
Calculate the greatest common factor of 432 and 441.
9
What is the highest common divisor of 7 and 11683?
7
What is the greatest common divisor of 2511 and 77283?
279
What is the greatest common divisor of 495244 and 51?
17
Calculate the greatest common divisor of 8985 and 60.
15
Calculate the highest common divisor of 1798 and 10478.
62
What is the greatest common factor of 266112 and 792?
792
What is the highest common factor of 33259 and 421?
421
Calculate the highest common divisor of 72 and 1043208.
72
What is the greatest common divisor of 828927 and 594?
297
What is the highest common factor of 70 and 219835?
35
What is the highest common divisor of 2728 and 1240?
248
What is the greatest common divisor of 894 and 47978?
298
What is the highest common factor of 320 and 40680?
40
What is the highest common divisor of 45096 and 768?
24
What is the greatest common factor of 4096 and 8?
8
What is the greatest common factor of 452608 and 52?
52
What is the greatest common divisor of 74844 and 1232?
308
Calculate the greatest common factor of 45 and 15585.
15
What is the greatest common factor of 323 and 12787?
19
Calculate the highest common divisor of 911 and 199.
1
What is the greatest common factor of 8159 and 246?
41
Calculate the greatest common divisor of 1133304 and 168.
24
What is the highest common divisor of 910 and 1890?
70
Calculate the highest common divisor of 18309 and 1479.
51
Calculate the highest common divisor of 52702 and 78.
26
What is the highest common divisor of 211215 and 165?
15
What is the greatest common divisor of 510 and 11670?
30
What is the highest common factor of 40968 and 792?
72
Calculate the highest common divisor of 14958 and 153458.
554
What is the greatest common factor of 2030 and 10730?
290
Calculate the highest common factor of 1703 and 7991.
131
What is the highest common factor of 5487 and 27?
3
What is the greatest common divisor of 671 and 15142457?
671
Calculate the highest common factor of 479186 and 1578.
526
Calculate the greatest common factor of 53680 and 305.
305
What is the greatest common factor of 31868 and 15128?
124
What is the highest common factor of 3 and 523?
1
What is the highest common factor of 60 and 15396?
12
What is the greatest common divisor of 2691 and 37053?
207
Calculate the greatest common factor of 884 and 380562.
442
Calculate the highest common divisor of 392727 and 654.
327
Calculate the greatest common factor of 35 and 95809.
7
What is the greatest common divisor of 20 and 19515?
5
What is the greatest common divisor of 5 and 313445?
5
What is the greatest common divisor of 399 and 1554?
21
Calculate the greatest common divisor of 330 and 72030.
30
Calculate the greatest common divisor of 961 and 25.
1
What is the highest common divisor of 440 and 23848?
88
What is the highest common factor of 1140 and 7638?
114
Calculate the highest common divisor of 2886 and 78.
78
Calculate the highest common divisor of 929668 and 4.
4
What is the highest common divisor of 340754 and 10802?
982
What is the greatest common factor of 66 and 3737778?
66
What is the greatest common factor of 108 and 173226?
6
Calculate the greatest common factor of 38798 and 304.
38
Calculate the greatest common factor of 20475 and 3975.
75
What is the highest common divisor of 3060 and 500?
20
What is the greatest common factor of 90 and 1978110?
90
Calculate the highest common divisor of 283536 and 8514.
198
What is the greatest common divisor of 101091 and 1581?
93
What is the greatest common divisor of 1520 and 2504?
8
Calculate the highest common divisor of 3612 and 7525.
301
What is the highest common factor of 117177 and 973?
139
Calculate the greatest common divisor of 1590 and 390.
30
Calculate the greatest common divisor of 378 and 146286.
37